*r(z) - 3*t(z). Let x(o) = -2*o**2 - o + 2. Let m be x(-2). What is the tens digit of k(m)?
2
Let w = 42 + -100. Let q = w + 99. What is the tens digit of q?
4
Suppose 0*y - 18 = -2*y. What is the tens digit of (-66)/y*36/(-3)?
8
Suppose -15 + 7 = 4*a, -5*a - 18 = -2*o. Suppose -o*c + 54 = 2*r, r - 121 = -4*r + 4*c. What is the units digit of r?
5
Let m(w) = 111*w**2 - 2*w - 1. What is the units digit of m(2)?
9
What is the tens digit of 1 - (-1*5 - (649 - -5))?
6
Let y(a) = -a**3 + 5*a**2 + 0*a - 2 + 2*a**2 - a + 7*a. Let i be y(6). Suppose -4*s - s = -i. What is the tens digit of s?
1
Let w be (-2958)/(-4)*(50/(-15))/(-5). Suppose j + t + 2*t = 103, 0 = -5*j - 4*t + w. What is the tens digit of j?
9
Let m = 264 - 267. Suppose 0 = -c - 0*c + 2, -3*w + 53 = 4*c. What is the tens digit of ((w - m) + -1)/1?
1
Let x(w) = 49*w**3 - w + 4. What is the tens digit of x(2)?
9
Suppose -6*f + 8 = -4. What is the tens digit of -11 - -12 - (-68)/f?
3
Let z(h) = -3*h + 2. Let t be 175/(-21) - (-2)/(-3). Let f be z(t). What is the units digit of (8 + -9)/((-1)/f)?
9
Let i(h) = -79*h - 52. What is the units digit of i(-17)?
1
Suppose -47*j + 13932 = -29*j. What is the hundreds digit of j?
7
Let w(g) = -g - 3. Let r be w(-5). Suppose 5*f - 3 = r, 2*f + 8 = 5*s. Let i(y) = y + 1. What is the units digit of i(s)?
3
Suppose -5*r - 8*r + 4615 = 0. What is the tens digit of r?
5
Suppose -116 - 355 = -p. What is the units digit of p?
1
Let g(r) = -r**2 - 7*r + 2. Let w be g(-7). Suppose w*n = -0*n - f + 12, f - 4 = 0. Suppose -n*b + 82 + 6 = 0. What is the units digit of b?
2
Suppose -18*w + 16*w = -288. What is the units digit of w?
4
Suppose 0 = 4*s + 2*r - 26, 0 = 5*s - r + 3 - 25. Suppose -s*o = -8*o + 165. What is the tens digit of o?
5
Let u(z) = 15*z - 2*z**2 + 10 - 4*z + 3*z**2. Let d be u(-10). Let q(o) = 2*o + 19. What is the units digit of q(d)?
9
Let p = 19 + -18. Let v be (p - 2)*1*-4. Suppose -n - n = -v. What is the units digit of n?
2
Let j(o) = o**2 + o - 4. Let a(u) = -u**3 + 5*u**2 - u + 1. Let t be a(5). What is the units digit of j(t)?
8
Let v(q) = -q**2 - 13*q + 16. Suppose 2*x + 32 = 5*i - 0*i, -x - 14 = -3*i. Let u = x + 12. What is the units digit of v(u)?
2
Let t be -2*(1 + 2 + 1). Let j(w) = w**3 + 8*w**2 - 7*w - 17. What is the tens digit of j(t)?
3
Suppose -w = 3*w - 32. Suppose w*b - 3*b - 235 = 3*n, 3*n - 65 = -b. What is the tens digit of b?
5
Suppose -4891 = -r - c, -2*r + 9*c + 9777 = 12*c. What is the hundreds digit of r?
8
Let f(l) = 5*l**2 - 6*l - 25. What is the hundreds digit of f(12)?
6
Let t(p) = p**3 + 2*p**2 + 4*p - 5. Let n be t(-4). Let z = 140 + n. What is the tens digit of z?
8
Suppose -3*c - i + 582 = 0, c + 180 = 2*c + 5*i. Suppose -4*r + q = -c, -3*q + q = -2. What is the units digit of 2/(-1 - 1) + r?
8
Let s(o) = -134*o + 4. What is the tens digit of s(-2)?
7
What is the units digit of 15568/672 - (-5)/6?
4
Let a be 0/(-1) - (-2 + -1). Suppose 0 = -2*z - a*z + 30. Let l = z + 10. What is the units digit of l?
6
Let f = 19 - 18. Let i be (f + 4)*(-15)/(-25). Suppose -i*y = y - 28. What is the units digit of y?
7
Let s be -5 - (-3)/6*-620. What is the units digit of 4/((-4)/s) + -1 + 0?
4
Suppose 2*x - 860 = -24*g + 22*g, -3*x - 6 = 0. What is the units digit of g?
2
Let s(t) = t**3 + 7*t**2 - 6*t - 8. Let g be s(-6). Let y = 39 + -37. Suppose -2*n - n = 12, 2*r - y*n = g. What is the tens digit of r?
2
Let p = 2919 - -1683. What is the thousands digit of p?
4
Suppose 6*r + 14892 = 18*r. What is the units digit of r?
1
Let t(y) = -4 + 132*y**2 - 141*y**2 + 2*y + y**3 - 7. Let n = 1 - -8. What is the units digit of t(n)?
7
Suppose 3*c = 22*c - 36955. What is the tens digit of c?
4
Suppose 8*x = 5*x - 12. What is the tens digit of 74 - (-1)/(x/16)?
7
Let x be (3 + (-1 - -1))*35/15. Suppose -h + 12 = -x. What is the tens digit of h?
1
Suppose -3*j + 4*j + 1 = -i, 45 = -5*i + 5*j. What is the units digit of (3 - 52/20)*i - -116?
4
Let d be 4*((-39)/(-12) - 2). Suppose -u + 38 = d*o, -4*u = -2*u - 2*o - 112. What is the tens digit of u?
5
Suppose 0 = -12*w + 10*w - 5*i + 606, -3*w = 5*i - 899. What is the units digit of w?
3
Let y(d) = -d**2 + 5*d + 3. Let u be y(-3). Let k = 40 + u. Suppose 2*b = 3*b - k. What is the tens digit of b?
1
Suppose 19*l - 24*l + 1150 = 0. What is the units digit of l?
0
Suppose 5*t = 2*y - 21 - 10, 3*t + 14 = y. What is the tens digit of y?
2
Suppose -3*w - 3 = -4*y - 2*w, 3*y - 21 = -3*w. Suppose y*q + 343 = 5*i - 576, 0 = -2*i - 4*q + 382. Suppose -i = -0*f - 5*f. What is the tens digit of f?
3
Suppose -780 = -w - 2*i, -i + 3*i - 3860 = -5*w. What is the units digit of w?
0
Let i(k) = k**3 + 7*k**2 - 9*k + 2. Let s = 6 - 4. Suppose s*g - 8 = 3*g. What is the units digit of i(g)?
0
Let b(g) = g. Let v(l) be the first derivative of -13*l**2/2 - 2*l - 1. Let q(d) = 2*b(d) + v(d). What is the units digit of q(-2)?
0
Let g = -363 + 523. Suppose -5*t = -3*t - g. What is the units digit of t?
0
Suppose 169 = 4*t + 29. Suppose -5*q + t = 5. What is the tens digit of q/8 + (-273)/(-4)?
6
Suppose -2*b - 3*d + 539 = -2466, 0 = 5*b - 3*d - 7544. What is the tens digit of b?
0
Suppose 0 = -w + 4*c + 507, -c - 412 = -2*w + 567. What is the units digit of w?
7
Suppose 6*m + 246 = 8*m. Let l be (-8)/(-20) - (-13)/5. Suppose l*v + 6 = m. What is the units digit of v?
9
Let u(k) = 19*k**2 + 4*k + 6. Suppose 3*c = 3*s, 4*c = -2 - 10. Let o be u(s). Suppose 4*x - x = o. What is the units digit of x?
5
Let c be 40/(-5) + (-1)/1. Let o = c - -11. Suppose l - 3*t - 55 = 0, -l + o*t = -5*l + 150. What is the tens digit of l?
4
Let a = -34 - -17. Let m = a - -36. Suppose 0 = l - m - 13. What is the tens digit of l?
3
Let q = 8195 + -1492. What is the units digit of q?
3
Suppose -5*h = -40 + 20. What is the hundreds digit of h/6 + 1/((-12)/(-1276))?
1
Suppose 402 + 1022 = 2*m. What is the hundreds digit of m?
7
Suppose 0 = -4*k + 8, 2*y - 2*k - 1416 = -2*y. What is the units digit of y?
5
Suppose 3*z + 55176 = 47*z. What is the thousands digit of z?
1
Let d(a) = -724*a**3 + a**2 + 3*a + 1. What is the tens digit of d(-1)?
2
Let x(v) = v**3 + 14*v**2 - v - 10. Let y be x(-14). Let a(s) = 7*s - y + 2 - 3 + 0. What is the units digit of a(4)?
3
Let r be 6/12 + (-29)/(-2). Suppose r = -g - 26. Let o = g + 83. What is the units digit of o?
2
Suppose -2*i + 11 = 3*k + 2*k, -3*k + 4*i + 17 = 0. Suppose -3*b - 4 = -c, 2*b = -5*c - k*b. Suppose -c = f - 25. What is the units digit of f?
4
Let c(s) = s**2 - 6*s + 10. Let h be c(5). Suppose 0 = -h*q - 115 + 400. What is the tens digit of q?
5
Let u be (-2 - (-16)/10)*-5. Suppose u*b = -3*b + 65. Let t = 16 - b. What is the units digit of t?
3
Let f(i) = -i - 7. Let n be f(-9). Suppose 2*q + 2*g = 3*q - 32, 3*g + 59 = n*q. Suppose -a = -2*t + 39, -3*t = 5*a - 56 - q. What is the tens digit of t?
2
Suppose -7*c + 16 = -3*c. Suppose c*j = -j. Suppose j = -7*o + 5*o + 62. What is the units digit of o?
1
Let j be 6*1/18 + (-245)/(-3). Let o = j - 38. What is the tens digit of o?
4
Suppose 0 = -5*w + 74 + 11. Suppose 0 = -k + 2*f + 14, -2*k - 2*f = -19 + 3. Let l = w - k. What is the units digit of l?
7
Suppose -4*j - 2*g + 3052 = 0, -j - 2282 = -4*j + 2*g. What is the units digit of j?
2
Let l(o) = 5*o**2 + 11*o - 4. What is the units digit of l(-6)?
0
What is the tens digit of (-8)/(-4)*132/(-16)*-2?
3
Let a = 67 + -67. Suppose v - 85 = -a*v. What is the tens digit of v?
8
What is the tens digit of ((-21656)/(-12))/(44/66)?
0
Let l(u) = -5*u**3 - 2*u**2 + 2*u + 5. Let f(c) = 10*c**3 + 5*c**2 - 4*c - 9. Let q(x) = -4*f(x) - 7*l(x). What is the tens digit of q(-3)?
7
Let d be -110 + 4 - (-3 + 5). What is the units digit of 2/9 + (-5268)/d?
9
Let t(c) = -c**3 - 13*c**2 - 2*c - 32. Let n(q) = q**3 + 12*q**2 + 3*q + 32. Let v(a) = 4*n(a) + 5*t(a). What is the units digit of v(-18)?
6
Suppose 6*s - s = 3*m + 11, -2*m - 5 = -s. What is the units digit of s?
1
Suppose -3*y - 5*t - 144 = -2*t, 4*y - 5*t = -192. Let n be y - (9 + 0)/3. Let k = 93 + n. What is the tens digit of k?
4
Let n be 5/3*(1 + 2). Suppose -7*o + 60 = -n*o. What is the tens digit of o?
3
Suppose 3*j + 63 = 2*p, -4*j - 54 = -j - 5*p. Let n = -38 - j. Let t = 2 - n. What is the units digit of t?
7
What is the tens 